 be b(-7). List the prime factors of 23*4/(q/r).
5, 23
Let i(w) = -43*w - 35. Let h be i(-3). Suppose 0 = -h*o + 98*o - 692. List the prime factors of o.
173
Let z = 239 - 250. What are the prime factors of z/(2/(-33)*3/8)?
2, 11
Let o(i) = 31*i**2 + 11*i - 91. Suppose -264 + 156 = -18*t. List the prime factors of o(t).
1091
Suppose -660680 = -41*r + 205773. What are the prime factors of r?
7, 3019
Let z(c) = c**3 - 7*c**2 + 165*c - 5. List the prime factors of z(17).
2, 5, 569
What are the prime factors of (-768909)/146*35/(-15)*16/7?
2, 3511
Suppose -37736 = -a - 4*z, a - 44*z + 41*z - 37708 = 0. What are the prime factors of a?
2, 5, 23, 41
Let h(j) be the first derivative of 6 + j**3 + 7/2*j**2 - 20*j. List the prime factors of h(-7).
2, 3, 13
Let q(v) = 170*v - 5209. What are the prime factors of q(32)?
3, 7, 11
Let k(l) = l**2 - 13*l + 22. Let a be k(11). Suppose -q - 52 = -a*q + 4*z, 0 = -q - 2*z - 50. List the prime factors of q/30*630/(-4).
2, 3, 7
Let y(r) = 15*r + 81. Let q be y(-17). List the prime factors of ((-65)/10*2)/(2/q).
3, 13, 29
What are the prime factors of 20392/4 - ((-21)/(-7) + 0)?
5, 1019
Let s(a) = a**3 + 101*a**2 + 157*a + 435. What are the prime factors of s(-97)?
2, 3, 47
Let c(l) = 70*l - 251. Let m = -222 - -228. What are the prime factors of c(m)?
13
Let i = -39866 - -70486. List the prime factors of i.
2, 5, 1531
Let y(j) = 241*j - 1334. List the prime factors of y(10).
2, 269
Suppose 9*k = 213*d - 211*d + 326140, 36233 = k - 5*d. What are the prime factors of k?
2, 18119
Let m = -490 + 385. List the prime factors of 63/m - 1128/(-5).
3, 5
List the prime factors of 5/3*(3931216/170 - -7).
3, 71, 181
Suppose 4*x + 13*w = 16*w + 25260, -4*x + 25232 = 4*w. What are the prime factors of x?
2, 3, 263
Suppose 28197 = 24*f - 32402 - 5473. List the prime factors of f.
2753
Let f be 4 - (0/1)/(-5). Suppose 12*y - 9*y = -p + 1093, f*y = -3*p + 1449. What are the prime factors of y?
2, 3, 61
Let u be (-3)/3*4/(-1). Let t be ((-12)/5)/(6/(-340)) + -6. Suppose 0 = 2*m - 7*m - 2*p + t, -4*m - u*p + 104 = 0. List the prime factors of m.
2, 13
Suppose -3*l - 1874 = 76. Suppose 175*b - 186*b = 4818. Let k = b - l. List the prime factors of k.
2, 53
Let s(d) = -2*d**3 - 35*d**2 + 19*d - 9. Let q(r) = -r**3 - 12*r**2 + 6*r - 3. Let f(z) = -11*q(z) + 4*s(z). List the prime factors of f(4).
101
List the prime factors of (3019/(-2) - 1)/(31/((-248)/6)).
2, 19, 53
Let j = 20703 - 11036. What are the prime factors of j?
7, 1381
Let u = 521 - 519. Suppose -n + 553 = 4*y, u*n = n + y + 538. List the prime factors of n.
541
Let u(n) = -55*n + 1. Let r(a) = 166*a - 3. Let m(x) = 4*r(x) + 11*u(x). Let s be m(7). Let d = s + -225. What are the prime factors of d?
11, 17
Suppose -3*s + 4*m - 53 + 1144 = 0, 5*m - 370 = -s. Let h = 597 - s. List the prime factors of h.
2, 29
What are the prime factors of (5 - -1) + 3*(-83369)/(-39)?
7, 131
Suppose 14*r - 1072 = 5634. Let t = -279 + r. What are the prime factors of t?
2, 5
Let q(k) = -k**3 - 6*k**2 + 6*k + 6. Let t(h) = -6*h**2 - 2. Let m be t(-2). Let r = m - -18. What are the prime factors of q(r)?
2, 43
Suppose 0 = -41*v + 27*v + 4536. Let p = 848 + v. What are the prime factors of p?
2, 293
Let l(g) = -g**3 - 15*g**2 - 8*g - 16. Let o be l(-11). Let m = 866 + o. What are the prime factors of m?
2, 227
What are the prime factors of ((-2)/(-6) - 196511/(-3)) + (-1037 - -1033)?
2, 5, 131
Let n(s) = 13*s**2 + 4*s - 1. Let q be n(-1). Let j = q + 130. List the prime factors of j.
2, 3, 23
Let p be 4/((-32)/12) - (-987204)/24. Suppose -15*q - p = -43*q. What are the prime factors of q?
13, 113
Let u be -2 + 3 + 102 + 0. Let n = u - 90. Let w(v) = -v**2 + 21*v - 22. List the prime factors of w(n).
2, 41
Suppose -r + 12133 = -3*t, 15*r - 18*r - 5*t = -36413. List the prime factors of r.
2, 37, 41
What are the prime factors of -4 - (-1 + -7 - 347550/14)?
7, 3547
Let d(c) = 17. Let g(z) = z + 33. Let n(x) = 5*d(x) - 2*g(x). Let i be n(7). Suppose i*s + 0*s + 185 = 5*m, 4*m = 2*s + 148. List the prime factors of m.
37
Let j be (-1 + 13 + -13)/(2/2170). Let f = -524 - j. List the prime factors of f.
3, 11, 17
Let c(b) = -75*b**3 + 2*b + 2. Suppose 0 = -4*o + 8 + 4. Suppose -g = o*q, -4*g - 4 = q - 5*g. What are the prime factors of c(q)?
3, 5
Let p(n) = 5*n**2 + 17*n + 13. Suppose 2*d + 22 = 5*h, d - h + 11 = -2*h. What are the prime factors of p(d)?
431
List the prime factors of (-73)/(-3 + 14508/2904 + -2).
2, 11, 73
Suppose 50*r - 246896 = -10496. List the prime factors of r.
2, 3, 197
Let z(s) be the first derivative of 17/3*s**3 - 1/4*s**4 + 12 - 7/2*s**2 + 6*s. What are the prime factors of z(16)?
2, 3, 5
What are the prime factors of ((-8 - -2)/3 - -3) + -99 + 48716?
2, 3, 37, 73
Let o(k) = 173*k**2 + 67*k + 1005. List the prime factors of o(-12).
3, 11, 761
Let g be 20 + 3*(-3)/(-9)*-1. Let m = 10 + g. What are the prime factors of (3 + m)*(-10)/(-4)?
2, 5
Let u = -455 + -73. Let w = 946 + u. What are the prime factors of w?
2, 11, 19
Suppose -40*d + 122200 = -20*d. What are the prime factors of d?
2, 5, 13, 47
Suppose -1543 = -7*f + 564. List the prime factors of 30748/18 - (5 + f/(-63)).
2, 7, 61
Suppose 7 = 4*c - 1. Suppose -c*m - 39 = -3*m. Suppose -89 = -2*l + 4*z + m, 4*l - 4*z = 260. List the prime factors of l.
2, 3, 11
Let h be (6/(-16)*-4)/((-1)/4). Let b be (-4)/((-12)/9) - h/(-3). Let t(w) = 196*w**3 + w**2 - 3*w + 3. What are the prime factors of t(b)?
197
Suppose -64746 = -5*p + 16*d, -4*p - 2*d = -5*d - 51787. What are the prime factors of p?
2, 6473
Let i = -5 + 14. What are the prime factors of i/(27/105)*(-1 - -6)?
5, 7
Let i(f) = 52*f**2 + 11*f + 34. Let g be i(-4). Let p = -286 + g. What are the prime factors of p?
2, 67
Suppose -13414447 = -135*y - 1945387. List the prime factors of y.
2, 67, 317
Suppose -47 = -6*f - 113. Let h(v) = 6*v - 15. Let d be h(f). Let o = d + 130. What are the prime factors of o?
7
Let c be 0*(-5)/(-40)*-4. Suppose -149*t + 152*t - 1212 = c. List the prime factors of t.
2, 101
Suppose 2976 = 3*t + 67*x - 65*x, t = 5*x + 975. Let q = t + -90. What are the prime factors of q?
2, 3, 5
Suppose 4*o + 15 = 5*r, 4*r + 4*o = 11 + 1. Suppose -4*t + 248 = 5*l - r*t, t + 152 = 3*l. Suppose 31*n - 32*n + l = 0. What are the prime factors of n?
2, 5
Let z(u) = u**3 + 10*u**2 - u + 20. Let d be z(-10). Let o be (1 + -6)*3/d*-398. Suppose -3*q = 2*r - 136, o - 25 = 4*q - r. List the prime factors of q.
2, 11
List the prime factors of -6 + (3/(-15))/(25/(-1594625)).
41, 311
What are the prime factors of ((-5)/15 - 3)*(-37860)/40?
5, 631
Let m be (-54)/9*813/(-2). Suppose 7*x - m = -654. Suppose -3*k + 5*q = -x, -2*k - 4*q + 272 - 80 = 0. List the prime factors of k.
2, 3, 5
Suppose -5*h = -4*t - 1633, -5*h + 0*t + 5*t = -1630. Let j = h - 186. Let n = 312 - j. List the prime factors of n.
13
Let g(w) = 11*w + w + w + 49 - 113. List the prime factors of g(33).
5, 73
Suppose -4*i + i - 5*l = -47295, 4*i - 5*l = 63025. List the prime factors of i.
2, 5, 197
Let h(q) = -76*q**3 - 4*q**2 - 12*q - 58. Let a be h(-4). Suppose 38*c = 43*c - a. List the prime factors of c.
2, 479
Let t(o) = 10*o**2 + 96*o + 781. List the prime factors of t(-8).
653
Suppose -5*x - 5*c = -529 + 64, -5*x = c - 477. Suppose -90*t + x*t = 6348. List the prime factors of t.
2, 23
Let l = -89953 + 127924. List the prime factors of l.
3, 4219
Let y(c) = -c**3 - 9*c**2 - 15*c - 11. Let b be y(-8). Let z be ((-216)/(-30))/(1 - 47/b). Let i = 319 + z. What are the prime factors of i?
157
Let w be ((-84)/(-35))/((-4)/(80/(-6))). Suppose -2*s - w = -6*s, 24 = -4*f + 4*s. What are the prime factors of f + (1 - (0 - 7))?
2
List the prime factors of (24748/16)/((332/112)/(-1) + 3).
7, 23, 269
Let n = 27496 + 167. List the prime factors of n.
3, 9221
Suppose 241046 = 4*q - 5*o + 49311, -3*o = 4*q - 191775. What are the prime factors of q?
2, 3, 5, 17, 47
Suppose -6*h + h + 20 = 0, 5*h - 50 = -2*w. Let z be 2593/w - 2/(-15). Let f = -61 + z. What are the prime factors of f?
2, 7
Let x(n) = n**2 - 39 - 1510*n + 1519*n + 31*n**3 + 5*n**3. What are the prime factors of x(3)?
3, 17, 19
Let b(y) = 18*y**2 + 22*y + 15. Let m be b(7). Let z = 343 + m. List the prime factors of z.
2, 17, 41
Let c = -53 + 57